
2
Suppose 0 = -6*v + v + 10. Suppose v*r = -r + 81. What is the greatest common factor of 3 and r?
3
Let f = -7 + 1. Let o be (68/f)/((-3)/9). Suppose -o = -3*a - 4*c, 0 = -2*c - c + 3. Calculate the greatest common factor of 30 and a.
10
Let a(x) = x**2 + 6*x - 4. Let d be a(-7). What is the highest common factor of d and 24?
3
Suppose -4*s = o - 114 - 6, 2*o = 2*s - 70. What is the greatest common divisor of 93 and s?
31
Let x be 1428/11 + (-42)/(-231). What is the greatest common divisor of x and 52?
26
Suppose 0 = -3*o + 4*p + 6, -2*p = -2*o - p + 4. Let c be (4/(-6))/(1/(-3)). Let a be c*-11*(1 - 2). What is the greatest common divisor of o and a?
2
Suppose -3*y + 1114 = -o, 7*y + 2*o - 1482 = 3*y. Let x = y - 245. Calculate the greatest common divisor of x and 18.
18
Let v(h) = -h**2 + 7*h - 9. Let l be v(5). What is the greatest common factor of l and 10?
1
Let l(k) = 6*k + 8. Let h be l(6). Let c = 69 + 41. What is the greatest common factor of h and c?
22
Suppose 3*u + 0*k = k + 184, -15 = -3*k. What is the highest common factor of 42 and u?
21
Let n be -1 + 8/2 + -2. Let h = n + 2. What is the greatest common factor of 15 and h?
3
Let t = -53 + 89. Let o = -96 - -108. Calculate the highest common divisor of t and o.
12
Let y be 18 - (1 + (3 - 4) + 2). Suppose 13 - 45 = -4*h. Calculate the highest common divisor of h and y.
8
Let y be (-4 + -4)*(-4)/2. Suppose v = 67 + y. Suppose -5*p = -77 - v. What is the highest common factor of p and 80?
16
Let y = -10 - 2. Let f be (-1036)/(-16) - (-9)/y. What is the highest common factor of 8 and f?
8
Let u(q) = 11*q - 2. Suppose 0 = 4*w - 16, 0*a - 4*a = -4*w + 8. Let y be u(a). Let s = 61 - 11. What is the highest common factor of y and s?
10
Suppose 3*s = 2*s + 8. Let i = 3 - 5. Let b = i - -3. Calculate the highest common factor of b and s.
1
Suppose -3 = 3*l, 3*k - 4*l - 25 = -0*k. Suppose -y = 4*y - 105. Calculate the greatest common divisor of y and k.
7
Let u be ((-22)/6)/(1/(-6)). Let t be (-1 + 0)/((-9)/18). Suppose -t*o + 0 = -4. What is the greatest common divisor of o and u?
2
Let w(k) = k**2 + 8*k - 14. Let b be w(-10). Suppose -7*v = -4*v - b. Calculate the greatest common factor of 14 and v.
2
Suppose 5*z = -3*k + 405, 5*k - 4*k = -3*z + 239. Calculate the highest common divisor of z and 13.
13
Suppose 215 = -3*k + 2009. Suppose 0 = -3*q - k - 296. Let n = -154 - q. Calculate the highest common factor of n and 16.
16
Let f be -5*10/(-2) + 0. Let w = f - 9. Let p(g) = g**3 + 5*g**2 + 2*g - 4. Let n be p(-4). What is the highest common divisor of n and w?
4
Let w be (-26)/(-6)*-2*-3. Let l = w - 11. What is the highest common factor of l and 5?
5
Let m(g) = g**2 + g. Suppose 3*p + 2 = p. Let z be m(p). Let a be 3/(-9)*z - -21. What is the highest common divisor of a and 14?
7
Let r(q) = -q**2 + 9*q - 10. Let s be 6 + 2/(-1) - -3. Let g be r(s). Calculate the highest common divisor of 44 and g.
4
Let y be (-12)/(-54) - 842/(-18). Let j = y - 33. Calculate the highest common divisor of j and 98.
14
Let j(q) = 15*q + 1. Let p be j(-1). Let g be 4/(-14) - 158/p. Suppose 5*i = n - 43, -n = 2*n + 4*i - 91. Calculate the greatest common divisor of g and n.
11
Suppose 7 + 18 = 5*r. What is the greatest common divisor of 15 and r?
5
Suppose 3*b + 368 = 2*q, -3*q - 196 = -4*b - 749. What is the highest common divisor of q and 17?
17
Let n = -75 + 462. What is the highest common factor of n and 43?
43
Let s be (-6)/9 + (-76)/(-6). Let p = s + -6. Let t(m) = 4*m**2 - 4*m - 8. Let f be t(p). What is the highest common factor of f and 14?
14
Suppose r = -2*r + 3*l - 18, -2*l = 4*r + 6. Let p = r - -10. What is the highest common factor of 49 and p?
7
Let s(y) = -y**3 + 4*y + y - 6*y + 12. Let j be s(0). Calculate the greatest common factor of 96 and j.
12
Suppose 2*c = 6*m - 2*m + 174, -5*c + 4*m + 417 = 0. Let j be (8/3)/(6/c). Calculate the greatest common divisor of 12 and j.
12
Suppose -i - 1 = -2*i. What is the greatest common factor of i and 1?
1
Suppose -14*j + 4*a + 86 = -11*j, 3*j - 3*a - 84 = 0. What is the highest common divisor of 39 and j?
13
Let h = -10 + 31. Calculate the greatest common divisor of h and 7.
7
Suppose g - 7*s + 8 = -3*s, -g - 5*s = -10. Let y(m) = 3 - m + 0 + g + 0. Let p be y(-10). Calculate the highest common divisor of p and 65.
13
Let k(a) = -a**2 + 15*a + 34. Let f be k(13). Calculate the highest common factor of f and 36.
12
Let s be (-6)/(-27) + 1832/18. Let v be s/14 - (-2)/(-7). What is the highest common factor of v and 63?
7
Let x = 6 + 13. Let p(l) = -l**3 + 4*l**2 + l - 3. Let b be p(4). Let f be 0 - (0 - (18 + b)). Calculate the greatest common factor of f and x.
19
Let n = 3 - -3. Let y = -3 + n. Let w = y + 6. What is the highest common divisor of 63 and w?
9
Let y be (40/6)/((-4)/(-18)). Let z be (12/(-5))/((-15)/50). Let t(l) = 3*l - 12. Let p be t(z). Calculate the greatest common factor of p and y.
6
Let v be (-1)/2 - (-21)/14. Let i be v/(1 + (-6)/9). Suppose -2*y = -39 - i. Calculate the greatest common divisor of 14 and y.
7
Let t = 11 - -7. Suppose -2*s + 180 = -s. What is the highest common factor of t and s?
18
Let q(r) = 24*r**2 + 2. Let a be q(-2). What is the greatest common divisor of a and 14?
14
Let k(n) = n - 3*n - 26*n**3 + 6*n**3 + 4*n. Let g be k(-2). What is the highest common divisor of 26 and g?
26
Let w be (4/2 - 1)*2. Suppose -w*u = -u - 8. Suppose 2*a + 4*g - 16 = -0*a, -4*g + 24 = 4*a. What is the highest common divisor of a and u?
4
Let d be 72 - 7 - 4/4. What is the highest common divisor of d and 8?
8
Let s = 18 + 0. What is the greatest common factor of s and 90?
18
Let h = -2 + 20. Let v be 0 + 2 + 1 + h. What is the highest common divisor of v and 168?
21
Let b be ((-20)/15)/((-2)/18). Suppose -12 = 2*r - 2*p, 4*r = -0*p - 2*p - b. Let g be (-5*r/(-1))/(-2). What is the highest common divisor of 50 and g?
10
Suppose -r + 3*p - 9 = -2, -3*r = 2*p - 12. Let d = 18 - 14. Suppose -2*m - 5*l + d = -0, -m - 4*l = -2. Calculate the greatest common divisor of r and m.
2
Suppose -a + 4*f + 4 - 9 = 0, -4*a + 20 = 4*f. Let n = 47 - a. What is the greatest common factor of n and 11?
11
Let a(r) = r**2 + 9*r + 12. Let x be a(-8). Calculate the highest common factor of x and 36.
4
Let i be (-402)/(-14) - 2/(-7). Let h = i - 1. Calculate the highest common factor of h and 4.
4
Let x = -11 + 18. Let f = x + 1. Let m be 124/10 - 6/15. What is the greatest common divisor of f and m?
4
Let t(a) = 12*a - 39. Let m be t(10). What is the highest common divisor of m and 18?
9
Let o be -1*((-146)/1 + -1). Let f(r) = 5*r - 5 - 6*r + 5*r + 6. Let u be f(5). What is the greatest common divisor of u and o?
21
Suppose 2*o + k + 31 = 4*o, -o - 5*k + 43 = 0. What is the greatest common factor of 54 and o?
18
Suppose 0 = -5*m + 10, 5*m = -3*y + 28 + 18. Calculate the highest common factor of y and 60.
12
Let k be 3*9/(108/8). What is the greatest common factor of 18 and k?
2
Suppose -f = f - 126. Let o be 18/(-30) + (-426)/(-10). Calculate the greatest common divisor of f and o.
21
Let k = -114 + 166. Suppose 8 + k = -4*i. Let l be (-10)/i - 310/(-3). What is the greatest common divisor of 13 and l?
13
Suppose 0*u + 70 = 5*u. Let s = 113 - 71. Calculate the greatest common factor of s and u.
14
Suppose 3*s + 0*s = 0. Suppose -3*q + 7*q - 40 = -4*k, s = -q + k + 10. What is the highest common divisor of q and 10?
10
Let d(b) = -2*b**3 - 3*b**2 + 8*b - 3. Let j be d(-4). What is the highest common factor of 15 and j?
15
Let y(r) = -r**3 + 7*r**2 - 2*r + 2*r**3 - 9 - 8*r. Let j be y(-6). Calculate the highest common divisor of j and 29.
29
Let l be 2/8 - 22/(-8). Let t be (l - (-2 + -3))*8. What is the highest common divisor of 8 and t?
8
Let m = 33 + -22. Calculate the highest common divisor of m and 22.
11
Let r be 9/(-12) - 230/(-8). Suppose -3*z + 10 = -116. What is the greatest common divisor of z and r?
14
Suppose -t - 38 = -3*t. Let l be 0 + (-5)/((-5)/88). Let q = -31 + l. What is the highest common divisor of t and q?
19
Suppose -5*m = -4*f + 19, m = -2*f - f. Suppose -1 = -4*r - q + 20, 2*r - 28 = -4*q. Let h = r + m. What is the highest common factor of 9 and h?
1
Suppose -5*w - 414 = -104. Let h = 4 - w. What is the greatest common f